 3*l + 12 - 3*l + 0*l + l. What is the remainder when 62 is divided by j(4)?
14
Let p = 1201 + -898. What is the remainder when p is divided by 28?
23
Suppose c = 3*j + j - 136, -5*c - 155 = -5*j. Suppose 4*o - 10 = -y, -y + o + 3*o = -18. Let l = y + -2. What is the remainder when j is divided by l?
11
Let l be -1*(-12)/20 - 2954/(-10). Suppose l = 13*o - 133. Calculate the remainder when o is divided by 9.
6
Suppose 5*r + 3*z - 57 = 42, 0 = -3*r - 5*z + 53. What is the remainder when r is divided by 9?
3
Suppose -3*c + c + i = -260, 0 = 5*c - i - 653. What is the remainder when c is divided by 44?
43
Let p(x) = -12*x + 16. Calculate the remainder when 439 is divided by p(-2).
39
Let v = 10 - -55. What is the remainder when v is divided by 18?
11
Let f(v) = v**3 - 15*v**2 + 41*v - 47. What is the remainder when 48 is divided by f(12)?
9
Let o = 4236 - 2222. What is the remainder when o is divided by 65?
64
Let g(u) = 22*u**2 + 1. Let c(y) = -1 + 11*y**2 - 11*y + 3*y**3 + 0*y**2 - 4*y**3 + 0*y**2. Calculate the remainder when c(6) is divided by g(-1).
21
Let c(p) be the first derivative of -p**3/3 + 11*p**2/2 - 3*p + 12. What is the remainder when 27 is divided by c(9)?
12
Let x = -21 + 21. Suppose x = -0*z - 4*z + 24. Suppose t - 28 = -3*r, -3*r + 57 = -5*t - 1. What is the remainder when r is divided by z?
5
Let s(j) = 9*j**2 - j. Let u be s(1). Let b be (u - -1) + 2 + -3. Suppose -11*x + b*x + 27 = 0. What is the remainder when 35 is divided by x?
8
Suppose -m - v + 266 = 0, 6*m = 8*m - 2*v - 536. Calculate the remainder when m is divided by 75.
42
Let k = 24 + -16. Suppose 0 = 5*x - 0*x - 115. What is the remainder when x is divided by k?
7
Let h(r) = 11*r**2 - 9*r + 17. Calculate the remainder when h(7) is divided by 31.
28
Suppose 0 = -5*s - 5*i + 1270, -s + 5*i + 494 = s. Let w = s - 178. Let p = w - 40. Calculate the remainder when p is divided by 9.
7
Suppose -3*s + 42 = 6*g - 5*g, -s = -2*g. Calculate the remainder when s is divided by 7*1*1/1.
5
Let l be 6/3*5/10. Calculate the remainder when -3 + 2 - 180/(l - 3) is divided by 18.
17
Let x = 73 + -59. Let u = 214 + -106. What is the remainder when u is divided by x?
10
Suppose -v + 18 = 2*v. Suppose v = 4*t - 14. Suppose -c + 4*a = -a - 17, t*c - 5*a = 45. Calculate the remainder when c is divided by 3.
1
Suppose 51*f - 70*f + 3420 = 0. Calculate the remainder when f is divided by 35.
5
Suppose -22*x + 23*x = 4*d + 30, -5*x + 3*d = -235. What is the remainder when x is divided by 7/(3*(-1)/(-12))?
22
Let q(s) = s**2 + s - 10. Let l be q(3). Calculate the remainder when 35 is divided by 9/l*(-16)/(-8).
8
Let a(k) = k**3 + 8*k**2 - 8*k - 18. What is the remainder when a(-8) is divided by 11?
2
Suppose -6*y + 46 - 34 = 0. Suppose -1 = y*n - 33. What is the remainder when n is divided by 6?
4
Suppose -5*v - 5*p - 37 = -6*v, -v + p = -21. What is the remainder when 46 is divided by v?
12
Suppose -5*b = -5*k - 245, 0 = -b + 2*k - 23 + 69. Suppose 2*d = 333 + 181. Calculate the remainder when d is divided by b.
49
Suppose -22*f + 215 - 39 = 0. What is the remainder when f is divided by 1?
0
Suppose -344 + 3692 = 27*a. Calculate the remainder when a is divided by 64.
60
Suppose 0 = 2*h + 2*d - 530 - 264, -802 = -2*h - 4*d. What is the remainder when h is divided by 12?
9
Let a(h) = h**3 - 13*h**2 + 17*h + 9. Let i be (-8)/((-6)/9 - 0). Calculate the remainder when a(i) is divided by 14.
13
Suppose -3*v = c - 37, c - 120 = -3*c + 2*v. Calculate the remainder when 277 is divided by c.
29
Let h(u) = 59*u**2 + 3*u - 2. Let m be h(1). Suppose -5*x + 5 + m = 0. What is the remainder when 25 is divided by x?
12
Suppose -2*m = -5*a - 20, -3*m + 37 = -20*a + 16*a. What is the remainder when 68 is divided by m?
8
Suppose -q - 1 - 8 = 0. Let d be ((-90)/(-20))/(1/(-2)). Calculate the remainder when 7 is divided by (-48)/d - (-3)/q.
2
Suppose -77 = -3*g + 4*c - 0*c, -20 = 4*c. Calculate the remainder when 81 is divided by g.
5
Let n(y) = 3*y**2 - 7*y + 1. Let f = -11 + 43. What is the remainder when f is divided by n(3)?
4
Let y(b) = 35*b**2 + 1. Let w be y(-1). Suppose 4*m - w = m. What is the remainder when 44 is divided by 3/42*m*14?
8
Let i(f) = -15*f - 65. What is the remainder when 209 is divided by i(-7)?
9
Let b = -58 - -60. What is the remainder when b + 3 + (0 - -3) is divided by 2?
0
Let g(s) = -2*s**3 - 25*s**2 - 13*s - 8. Let o be g(-12). Suppose 49 + 7 = o*z. Calculate the remainder when 53 is divided by z.
11
Let i = 6 - -55. What is the remainder when 180 is divided by i?
58
What is the remainder when -4 + 67 + -2 + -6 is divided by 20?
15
What is the remainder when 567 - ((14 - 8) + -10) is divided by 29?
20
Suppose -5*w + 14 - 19 = 0. Calculate the remainder when (-6)/(-7)*71 + w/(-7) is divided by (-2 - 6)/(2/(-4)).
13
Let d(b) = b**3 - 9*b**2 + 9*b. Let m be d(8). Suppose -74 = -m*j + 94. Suppose 9*v - 4*v - 305 = 0. What is the remainder when v is divided by j?
19
Let m = 401 - 330. What is the remainder when 565 is divided by m?
68
Let h(u) = 75*u**2 + 19*u - 19. Calculate the remainder when h(1) is divided by 38.
37
Let y = 8 + 0. Suppose 38*t - 35*t - 93 = 0. Suppose -88 = -3*a - 5*r, -a + 3*r + t = 5*r. Calculate the remainder when a is divided by y.
5
Suppose i - 55 = -12. Let j = i + -25. Calculate the remainder when 70/4*(-5 - -7) is divided by j.
17
Let r(z) = 36*z + 398. What is the remainder when 295 is divided by r(-7)?
3
Let h = -944 + 972. Calculate the remainder when 196 is divided by h.
0
Suppose 4*l + 0*l = 6*l. Suppose l*n + 5*n - y - 109 = 0, 5*y - 27 = -n. What is the remainder when 38 is divided by n?
16
What is the remainder when 49520/480 + (-2)/12 is divided by 95?
8
Suppose -2*r - 2*r = -360. Suppose -2*z + r = -5*d, -d - 120 = -2*z - 46. Calculate the remainder when 69 is divided by z.
34
Suppose 5*w + 4*y - 614 = 0, -17*w + 4*y = -19*w + 248. What is the remainder when w is divided by 14?
10
Suppose 134*g = 145*g - 1958. Calculate the remainder when g is divided by 14.
10
What is the remainder when ((-72)/3)/(5 - 92/16) is divided by 5?
2
Let o be (-39 + 2)/(0 + 1). Suppose 0 = -4*n + 4*f + 400, 13*f = 4*n + 10*f - 396. Let g = n + o. What is the remainder when g is divided by 15?
14
Suppose -218 = -4*u + 186. Let k(j) = -9*j - 73. What is the remainder when u is divided by k(-11)?
23
Let m(h) = -14*h + 2. Let z be m(-2). Let l be (-4)/(-14) + z/42. Suppose 4*n - 5 = -l. Calculate the remainder when 3 is divided by n.
0
What is the remainder when 550 is divided by (-1418)/(-18) + (7 - 488/72)?
76
Suppose 8*z = 6*z + 10. Suppose -z*g = -0*g - 95. Suppose -2*o + 8 + 2 = 3*j, -4*o - j = -40. What is the remainder when g is divided by o?
8
Suppose 4*r + p + 12 = 5*p, 0 = 4*p - 16. Let c be 40 - (1 - -2) - r. Suppose 14 = 5*y - c. Calculate the remainder when 58 is divided by y.
8
Let t = -8 + 8. Suppose 3*w + t = -5*p + 34, -3*p = -15. Suppose w*r = 59 - 23. What is the remainder when r is divided by 3?
0
Suppose 5*u - 3*b - 45 = 0, -40 = -10*u + 5*u + 2*b. Suppose -4*q - i + 85 = 23, 5*i = q - 5. What is the remainder when q is divided by u?
3
Suppose -h + 2*h = 3. Let p(l) = l. Let z be p(h). Suppose z*m = -y + 93, y - 3*m = -y + 168. What is the remainder when y is divided by 30?
27
Suppose 23*w - 949 - 477 = 0. What is the remainder when 989 is divided by w?
59
Suppose -24*n - 3968 = -56*n. Calculate the remainder when n is divided by 12.
4
What is the remainder when 798 is divided by (275/20 - 14)/(2/(-584))?
68
Suppose -z - 4*s + 10 = 0, -40 = -4*z - 10*s + 9*s. What is the remainder when 167 is divided by z?
7
Let a = 462 + -384. Suppose -g + 5*k = -42, 0*k - 2*k = 4*g - 80. What is the remainder when a is divided by g?
12
Let u(m) = 14*m**3 + 2*m**2 - m - 1. Let q(s) = -22*s + 25. Let f be q(-3). Calculate the remainder when u(2) is divided by 2756/f + 4/(-14).
27
Suppose 111 = -5*u + y, -3*y + 92 = -4*u + 1. Let i be u/33 - (-116)/(-6). Let v = -7 - i. Calculate the remainder when v is divided by 4.
1
Let c(a) = a**3 + 7*a**2 + 2*a - 5. Suppose 0 = 63*l - 62*l - 9. Calculate the remainder when c(-5) is divided by l.
8
Let t be 6/(-15)*(-60)/(-3). Calculate the remainder when (-526)/(-18) + t/36 is divided by 12/5*(-20)/(-3).
13
Let z(q) = 2*q**2 